
6754
In base 14, what is 0 + -518?
-518
In base 16, what is 7 - -c0?
c7
In base 14, what is -4a3 - 3?
-4a6
In base 16, what is 17 - -f?
26
In base 11, what is -415 + -2?
-417
In base 12, what is -1b + 8a?
6b
In base 7, what is 562 + 0?
562
In base 15, what is 2 + 74?
76
In base 7, what is -16414 - 4?
-16421
In base 15, what is 48 - -1?
49
In base 11, what is 3 + 63?
66
In base 15, what is -5 + 3d0?
3ca
In base 11, what is 3242 + -1?
3241
In base 10, what is -53 + -10?
-63
In base 3, what is -21110 - -1112?
-12221
In base 8, what is 6 - -11?
17
In base 14, what is -4 + 506?
502
In base 11, what is 16 - -235?
250
In base 4, what is 1 - -32321?
32322
In base 15, what is -5 + bb?
b6
In base 2, what is -1001001000 + 10000?
-1000111000
In base 11, what is 0 + -15a?
-15a
In base 15, what is 4 + 47?
4b
In base 3, what is 1 + -11100?
-11022
In base 3, what is -221 + 1122101?
1121110
In base 8, what is 0 - -544?
544
In base 4, what is -2332 - -130?
-2202
In base 12, what is 22 + -353?
-331
In base 16, what is -2a + 227?
1fd
In base 13, what is 3c - 3?
39
In base 11, what is -1463 + -5?
-1468
In base 6, what is 2 - 145?
-143
In base 4, what is 2223 + 3?
2232
In base 11, what is -4 + 314?
310
In base 2, what is -110001100 + 11?
-110001001
In base 13, what is -1 - -321?
320
In base 9, what is 271 + 86?
367
In base 8, what is -3 + -2?
-5
In base 3, what is 111000212 - 0?
111000212
In base 3, what is -11 + -2012120?
-2012201
In base 8, what is 32 + -4?
26
In base 3, what is -1000 + -2?
-1002
In base 10, what is -34 - -2?
-32
In base 16, what is 10 + -e3?
-d3
In base 14, what is -9 + -a9?
-b4
In base 14, what is 5 - -a6?
ab
In base 2, what is 100 + 100110001?
100110101
In base 14, what is 5ca - -1?
5cb
In base 8, what is -5 - 203?
-210
In base 4, what is 20300 + -1?
20233
In base 7, what is 2 + -102?
-100
In base 5, what is -1301 - 22?
-1323
In base 5, what is 410 + -4?
401
In base 12, what is 30 + 8?
38
In base 14, what is 1 + 11?
12
In base 2, what is -10110111 + -11?
-10111010
In base 10, what is -57 + 85?
28
In base 2, what is 1001 - 1001101?
-1000100
In base 3, what is -10 - -10200?
10120
In base 15, what is -81 + 1?
-80
In base 4, what is 3 - 21103?
-21100
In base 3, what is 1010 + 1202?
2212
In base 15, what is -42 - -1?
-41
In base 12, what is -2 - -57?
55
In base 10, what is -1 + 61?
60
In base 8, what is 47 + 0?
47
In base 10, what is -3280 + 3?
-3277
In base 6, what is 12 + -5100?
-5044
In base 7, what is 1663 + -4?
1656
In base 7, what is -301 + 0?
-301
In base 13, what is 1 + -6b?
-6a
In base 11, what is -12 + 14?
2
In base 3, what is 110222101 + -12?
110222012
In base 5, what is -244 + 0?
-244
In base 14, what is -a62 - 1?
-a63
In base 5, what is 1 - -13412?
13413
In base 12, what is -44 + 9?
-37
In base 15, what is -9 - ac?
-b6
In base 4, what is -23121 + -2?
-23123
In base 16, what is 152 + -1?
151
In base 7, what is 2366 - 0?
2366
In base 7, what is 0 - 5334?
-5334
In base 6, what is -4534 - 4?
-4542
In base 2, what is 10 + 1001100?
1001110
In base 7, what is -201 + 14?
-154
In base 2, what is -111100011 - 11?
-111100110
In base 2, what is 110111 - 100010111?
-11100000
In base 10, what is -179 + -10?
-189
In base 11, what is -145 - 1?
-146
In base 12, what is -6 + 58?
52
In base 5, what is -310 + 43?
-212
In base 16, what is -4a + -8?
-52
In base 13, what is 586 - 1?
585
In base 13, what is 3a6 + 0?
3a6
In base 11, what is 5849 - -4?
5852
In base 9, what is 476 + -75?
401
In base 11, what is -15 - -69?
54
In base 13, what is 37 + 2?
39
In base 16, what is 5 - -23?
28
In base 6, what is 3 - -2322?
2325
In base 16, what is -1f - -b?
-14
In base 16, what is 6d1 + 0?
6d1
In base 8, what is 316 - 0?
316
In base 10, what is 42 + 6?
48
In base 15, what is 1 + 2c?
2d
In base 13, what is 1 - -33?
34
In base 9, what is -220 - 4?
-224
In base 6, what is 1531 - -3?
1534
In base 4, what is 3003033 - 11?
3003022
In base 5, what is 1043 + 321?
1414
In base 16, what is 3 + -2f0?
-2ed
In base 2, what is 100 - 110010?
-101110
In base 4, what is 2103 - -11?
2120
In base 15, what is 5 + c7?
cc
In base 8, what is -16007 + -4?
-16013
In base 2, what is 100011111 - -1000?
100100111
In base 16, what is -1 - 6?
-7
In base 11, what is -4 - -313?
30a
In base 9, what is 5 - 61?
-55
In base 9, what is -611 - -10?
-601
In base 12, what is -49 + -17?
-64
In base 15, what is -a3c + 4?
-a38
In base 2, what is 1001100 + -1000?
1000100
In base 16, what is -2 + 30?
2e
In base 15, what is 3 + 33?
36
In base 14, what is -80 + -4?
-84
In base 8, what is 12 - -107?
121
In base 14, what is 7 + 3d?
46
In base 7, what is -3 - -464?
461
In base 15, what is -97 - -2c?
-6a
In base 8, what is -1020 + 2?
-1016
In base 7, what is -3 + 53?
50
In base 13, what is 126 - 11?
115
In base 10, what is 358 - -4?
362
In base 6, what is 320 + -11?
305
In base 16, what is f + -4?
b
In base 7, what is -3534 - -2?
-3532
In base 16, what is 7 + -83?
-7c
In base 5, what is -3 + 20?
12
In base 13, what is 5 + -5?
0
In base 14, what is -1d - -4?
-19
In base 14, what is -12c - 5?
-133
In base 9, what is -68 - -16?
-52
In base 15, what is -7 - -d?
6
In base 16, what is 42 + -c?
36
In base 4, what is -3 + -13122?
-13131
In base 7, what is -635 - 11?
-646
In base 3, what is 21011 + -120?
20121
In base 9, what is 65 - 3?
62
In base 5, what is 104203 - -4?
104212
In base 16, what is -1ee + -8?
-1f6
In base 7, what is 6 + -30?
-21
In base 5, what is -24141 - 3?
-24144
In base 4, what is -20200 + -10?
-20210
In base 15, what is 11e + 18?
137
In base 3, what is -11 - -2202102?
2202021
In base 9, what is 2 + -1?
1
In base 4, what is -100 + 23?
-11
In base 7, what is 1052 + -43?
1006
In base 6, what is 14411 + 0?
14411
In base 15, what is 0 - -18?
18
In base 12, what is 3a15 + -1?
3a14
In base 4, what is -1330 + 3?
-1321
In base 4, what is -1 - -110022?
110021
In base 6, what is -12441 - 4?
-12445
In base 6, what is -13033 + 5?
-13024
In base 12, what is 48 - -5?
51
In base 5, what is 110103 + -12?
110041
In base 4, what is -110 + -12212?
-12322
In base 9, what is -84 + 7?
-76
In base 16, what is -1096 - -1?
-1095
In base 2, what is -1110100000 - 100?
-1110100100
In base 8, what is -76 + -31?
-127
In base 6, what is 12505 - 0?
12505
In base 2, what is -1011100111000 + 101?
-1011100110011
In base 13, what is 17 + 3a?
54
In base 3, what is -101 - -222?
121
In base 4, what is 0 + 102302?
102302
In base 13, what is -5 - 481?
-486
In base 13, what is 4 - a87?
-a83
In base 12, what is -358a - -5?
-3585
In base 7, what is -2 - -536?
534
In base 5, what is 132014 - 10?
132004
In base 13, what is 11 - 9?
5
In base 15, what is 5 - 3e?
-39
In base 2, what is -1000010 + -11?
-1000101
In base 7, what is 5 + 532?
540
In base 9, what is 800 + -1?
788
In base 15, what is -5 - 29?
-2e
In base 7, what is -2026 + 3?
-2023
In base 2, what is -100110100 - -100?
-100110000
In base 5, what is 0 - -1311?
1311
In base 14, what is -a3a + 1?
-a39
In base 7, what is 10 + -21?
-11
In base 3, what is 2002022 + -2?
2002020
In base 10, what is 1 - 1404?
-1403
In base 11, what is -5570 - 3?
-5573
In base 9, what is 0 + -142?
-142
In base 14, what is 2 - -7c?
80
In base 8, what is 16 - -523?
541
In base 4, what is 20121 + -13?
20102
In base 2, what is -11 + -11100001?
-11100100
In base 9, what is 4 + 2235?
2240
In base 3, what is -1 - 1221?
-1222
In base 9, what is 1 - 23?
-22
In base 4, what is 11200 - -1?
11201
In base 8, what is -1511 - -4?
-1505
In base 6, what is 4050 + 4?
4054
In base 12, what is 9b - 4?
97
In base 9, what is -1 - 16?
-17
In base 11, what is 275 + 1?
276
In base 8, what is 3 - -10326?
10331
In base 16, what is -8 + -10?
-18
In base 14, what is -739a - 5?
-73a1
In base 13, what is -5 - 47?
-4c
In base 10, what is 3 + 1492?
1495
In base 15, what is 5 + 24?
29
In base 3, what is 201111 - 112?
200222
In base 7, what is 102 + 4?
106
In base 2, what is -1 + -10000?
-10001
In base 10, what is 41 - -52?
93
In base 5, what is 12 + -2040?
-2023
In base 11, what is -1998 - 6?
-19a3
In base 15, what is -10 - b7?
-c7
In base 7, what is -3 + -1?
-4
In base 7, what is -2 - 60?
-62
In base 7, what is -263 + 350?
54
In base 9, what is -4 - 465?
-470
In base 6, what is 20 - 15053?
-15033
In base 8, what is 44 + 65?
131
In base 7, what is -2